to base 16.
2
What is -3 (base 8) in base 7?
-3
What is 0 (base 15) in base 3?
0
What is -2a (base 14) in base 5?
-123
Convert -76 (base 8) to base 14.
-46
1001 (base 2) to base 9
10
What is -28 (base 9) in base 5?
-101
What is -4a (base 12) in base 15?
-3d
What is 18 (base 11) in base 2?
10011
110 (base 2) to base 7
6
Convert 1121 (base 3) to base 7.
61
Convert -1011100 (base 2) to base 10.
-92
-3 (base 12) to base 14
-3
Convert -11000 (base 2) to base 14.
-1a
0 (base 3) to base 12
0
1 (base 14) to base 2
1
Convert -2 (base 12) to base 14.
-2
What is -13 (base 7) in base 13?
-a
What is -124 (base 5) in base 16?
-27
Convert 13 (base 7) to base 11.
a
Convert 1 (base 7) to base 8.
1
-8 (base 13) to base 15
-8
133 (base 6) to base 10
57
What is 3 (base 9) in base 13?
3
Convert a (base 13) to base 15.
a
What is -2 (base 5) in base 6?
-2
20 (base 13) to base 7
35
3 (base 7) to base 12
3
Convert -3 (base 7) to base 6.
-3
Convert 37 (base 16) to base 2.
110111
Convert -82 (base 11) to base 14.
-66
What is -21 (base 11) in base 16?
-17
Convert -1012 (base 5) to base 11.
-110
Convert 100 (base 2) to base 3.
11
What is 36 (base 10) in base 6?
100
What is -8 (base 13) in base 4?
-20
45 (base 6) to base 15
1e
Convert 48 (base 13) to base 8.
74
-2 (base 16) to base 15
-2
Convert -7 (base 11) to base 12.
-7
6 (base 10) to base 7
6
Convert -2 (base 8) to base 7.
-2
-1011 (base 2) to base 16
-b
-cc (base 13) to base 8
-250
40 (base 9) to base 6
100
Convert -3 (base 11) to base 10.
-3
What is -31 (base 4) in base 9?
-14
What is -20 (base 5) in base 8?
-12
What is -4 (base 7) in base 8?
-4
What is 6 (base 11) in base 2?
110
Convert -10000 (base 2) to base 6.
-24
Convert 8a (base 11) to base 13.
77
Convert 12 (base 7) to base 13.
9
What is -4 (base 5) in base 6?
-4
18 (base 16) to base 11
22
What is -5 (base 10) in base 3?
-12
-11 (base 3) to base 15
-4
a2 (base 11) to base 5
422
What is -32 (base 4) in base 6?
-22
Convert -133 (base 7) to base 9.
-81
100001111 (base 2) to base 11
227
What is 56 (base 10) in base 8?
70
Convert 6 (base 12) to base 13.
6
Convert 141 (base 7) to base 9.
86
Convert -a (base 12) to base 4.
-22
What is 5 (base 10) in base 13?
5
Convert -14 (base 11) to base 6.
-23
0 (base 16) to base 8
0
Convert -140 (base 8) to base 3.
-10120
Convert 53 (base 15) to base 4.
1032
What is 210 (base 4) in base 16?
24
Convert -2 (base 3) to base 2.
-10
Convert 2a (base 15) to base 2.
101000
Convert 2 (base 9) to base 4.
2
Convert 1 (base 13) to base 12.
1
53 (base 9) to base 2
110000
What is 11 (base 5) in base 3?
20
What is -79 (base 10) in base 5?
-304
What is -4 (base 11) in base 2?
-100
2 (base 3) to base 6
2
2 (base 15) to base 4
2
Convert -210 (base 5) to base 4.
-313
c (base 14) to base 3
110
Convert 1 (base 6) to base 9.
1
Convert 2 (base 3) to base 6.
2
-28 (base 12) to base 5
-112
What is 2121 (base 5) in base 4?
10132
-1121 (base 3) to base 2
-101011
What is 6 (base 16) in base 12?
6
Convert 11 (base 5) to base 9.
6
What is -1000 (base 2) in base 5?
-13
-7 (base 13) to base 12
-7
-1 (base 4) to base 6
-1
Convert 4 (base 15) to base 11.
4
Convert -d (base 14) to base 15.
-d
What is 162 (base 9) in base 15?
92
Convert -320 (base 6) to base 16.
-78
3b (base 16) to base 15
3e
What is 21020 (base 3) in base 4?
3003
Convert 102 (base 12) to base 14.
a6
Convert -353 (base 9) to base 2.
-100100011
Convert -1c6 (base 13) to base 2.
-101001011
9c (base 16) to base 5
1111
Convert 0 (base 9) to base 4.
0
What is -350 (base 6) in base 13?
-a8
Convert 9b (base 12) to base 11.
a9
Convert -22 (base 15) to base 6.
-52
Convert 56 (base 9) to base 6.
123
-111 (base 2) to base 11
-7
-b (base 15) to base 11
-10
What is -4 (base 13) in base 16?
-4
What is 23 (base 6) in base 7?
21
What is 2d (base 16) in base 7?
63
What is 2 (base 9) in base 2?
10
Convert 121 (base 10) to base 2.
1111001
What is -1 (base 7) in base 13?
-1
-14 (base 8) to base 7
-15
-29 (base 13) to base 11
-32
Convert 51 (base 12) to base 8.
75
-125 (base 7) to base 3
-2112
What is 2 (base 3) in base 7?
2
10 (base 3) to base 9
3
What is -17 (base 9) in base 14?
-12
56 (base 13) to base 12
5b
What is 135 (base 14) in base 4?
3303
What is -10 (base 6) in base 10?
-6
1c9 (base 13) to base 3
110101
Convert 8b (base 13) to base 5.
430
What is 13 (base 9) in base 2?
1100
-2a (base 16) to base 11
-39
What is 19 (base 11) in base 3?
202
What is -7 (base 11) in base 5?
-12
-11100 (base 2) to base 8
-34
What is -c (base 14) in base 3?
-110
Convert -100 (base 2) to base 11.
-4
Convert 102220 (base 3) to base 11.
272
What is 0 (base 12) in base 6?
0
What is -57 (base 12) in base 6?
-151
Convert -22 (base 6) to base 14.
-10
Convert -4 (base 13) to base 5.
-4
1 (base 15) to base 2
1
-20 (base 3) to base 16
-6
4 (base 10) to base 8
4
What is -17 (base 8) in base 9?
-16
What is 15 (base 15) in base 10?
20
-a (base 11) to base 12
-a
-112 (base 8) to base 14
-54
What is -2 (base 5) in base 6?
-2
What is 3 (base 6) in base 8?
3
What is 33 (base 14) in base 9?
50
20 (base 9) to base 4
102
What is -3 (base 9) in base 13?
-3
66 (base 14) to base 16
5a
Convert 2 (base 15) to base 5.
2
c (base 16) to base 4
30
Convert 32 (base 16) to base 10.
50
Convert 113 (base 6) to base 8.
55
What is 25 (base 6) in base 3?
122
Convert 123 (base 4) to base 13.
21
What is a3 (base 12) in base 7?
234
16 (base 16) to base 7
31
43 (base 8) to base 6
55
11 (base 9) to base 10
10
Convert -12 (base 4) to base 3.
-20
-75 (base 12) to base 2
-1011001
Convert 4b (base 16) to base 11.
69
Convert 3 (base 15) to base 12.
3
-32 (base 6) to base 3
-202
Convert 0 (base 9) to base 6.
0
2 (base 14) to base 9
2
What is -c (base 14) in base 2?
-1100
Convert -2 (base 9) to base 10.
-2
Convert 10 (base 6) to base 8.
6
-99 (base 13) to base 11
-105
What is 30 (base 8) in base 2?
11000
56 (base 12) to base 14
4a
1110101 (base 2) to base 8
165
What is 1110 (base 4) in base 7?
150
Convert -26 (base 9) to base 13.
-1b
What is 11 (base 9) in base 2?
1010
What is -10 (base 3) in base 4?
-3
What is 98 (base 12) in base 4?
1310
Convert 6 (base 9) to base 5.
11
10 (base 7) to base 5
12
What is -13 (base 14) in base 8?
-21
1 (base 8) to base 4
1
Convert -1 (base 6) to base 8.
-1
Convert -4 (base 7) to base 14.
-4
5 (base 9) to base 7
5
What is -4 (base 10) in base 14?
-4
What is -210 (base 5) in base 3?
-2001
What is -31 (base 9) in base 6?
-44
Convert -10 (base 4) to base 6.
-4
21 (base 15) to base 11
29
What is -3 (base 9) in base 15?
-3
a (base 12) to base 10
10
1 (base 6) to base 10
1
11 (base 15) to base 3
121
Convert -2a (base 12) to base 10.
-34
-8 (base 16) to base 2
-1000
Convert 33 (base 14) to base 10.
45
Convert -4f (base 16) to base 2.
-1001111
-52 (base 6) to base 16
-20
2 (base 10) to base 6
2
Convert -7 (base 15) to base 2.
-111
2 (base 8) to base 6
2
What is 3 (base 14) in base 2?
11
Convert 2 (base 15) to base 11.
2
What is -58 (base 11) in base 10?
-63
What is -30 (base 7) in base 6?
-33
222 (base 4) to base 16
2a
Convert -3 (base 7) to base 10.
-3
Convert -3 (base 13) to base 11.
-3
24 (base 7) to base 11
17
Convert -13 (base 7) to base 16.
-a
Convert -165 (base 15) to base 13.
-1b8
11 (base 10) to base 8
13
1101001 (base 2) to base 3
10220
2d (base 14) to base 5
131
-6 (base 16) to base 9
-6
What is -31 (base 10) in base 4?
-133
-41 (base 7) to base 5
-104
What is 72 (base 10) in base 6?
200
Convert -8 (base 16) to base 14.
-8
Convert 49 (base 16) to base 11.
67
Convert -5 (base 13) to base 7.
-5
What is 11 (base 3) in base 13?
4
-14 (base 14) to base 9
-20
134 (base 9) to base 5
422
243 (base 7) to base 4
2001
What is -c (base 13) in base 12?
-10
2 (base 5) to base 14
2
-2 (base 10) to base 5
-2
5 (base 10) to base 2
101
What is -134 (base 10) in base 15?
-8e
1 (base 2) to base 9
1
What is 200 (base 4) in base 3?
1012
57 (base 12) to base 3
2111
1011 (base 2) to base 12
b
Convert 13 (base 9) to base 16.
c
What is 3 (base 12) in base 4?
3
221 (base 4) to base 5
131
What is 310 (base 9) in base 12?
190
2 (base 7) to base 10
2
6a (base 11) to base 14
56
Convert 10011 (base 2) to base 10.
19
What is -22 (base 14) in base 11?
-28
Convert 7d (base 16) to base 5.
1000
Convert -2e (base 16) to base 7.
-64
Convert -75 (base 14) to base 13.
-7c
What i